at is 156 (base 7) in base 16?
5a
What is 5 (base 16) in base 5?
10
Convert 1 (base 11) to base 12.
1
What is 10 (base 12) in base 15?
c
What is -16 (base 13) in base 9?
-21
-1 (base 16) to base 10
-1
Convert 463 (base 7) to base 14.
133
Convert 0 (base 6) to base 16.
0
Convert 0 (base 5) to base 7.
0
What is -242 (base 7) in base 4?
-2000
What is -126 (base 12) in base 5?
-1144
-5 (base 16) to base 14
-5
-161 (base 10) to base 2
-10100001
Convert -17 (base 10) to base 12.
-15
Convert -11 (base 13) to base 9.
-15
What is -3 (base 8) in base 12?
-3
12 (base 8) to base 7
13
Convert 5 (base 16) to base 14.
5
What is -3 (base 4) in base 5?
-3
What is 1201 (base 3) in base 2?
101110
What is 10 (base 12) in base 11?
11
-2d (base 16) to base 11
-41
What is 1111001 (base 2) in base 13?
94
2 (base 10) to base 9
2
19 (base 12) to base 7
30
-11111101 (base 2) to base 11
-210
-1 (base 6) to base 14
-1
-2 (base 7) to base 10
-2
What is -1 (base 13) in base 5?
-1
Convert -16 (base 9) to base 16.
-f
What is 25 (base 8) in base 10?
21
66 (base 12) to base 7
141
Convert 9 (base 12) to base 13.
9
2202 (base 3) to base 9
82
Convert 104 (base 8) to base 10.
68
-11 (base 5) to base 3
-20
Convert -3 (base 5) to base 11.
-3
-2 (base 16) to base 14
-2
-12 (base 16) to base 2
-10010
-103 (base 12) to base 5
-1042
What is -24 (base 5) in base 6?
-22
What is -4 (base 12) in base 8?
-4
-1001 (base 2) to base 11
-9
Convert 11111101 (base 2) to base 14.
141
Convert -12c (base 15) to base 13.
-177
3 (base 9) to base 15
3
Convert 103 (base 10) to base 12.
87
What is 86 (base 9) in base 3?
2220
What is 3 (base 10) in base 4?
3
Convert 1 (base 5) to base 3.
1
1a (base 12) to base 3
211
Convert -18 (base 12) to base 2.
-10100
5 (base 7) to base 12
5
What is 11 (base 15) in base 12?
14
What is -1 (base 7) in base 8?
-1
What is -1 (base 10) in base 9?
-1
Convert -4 (base 10) to base 7.
-4
Convert -3 (base 10) to base 11.
-3
-32 (base 14) to base 7
-62
What is -101001 (base 2) in base 10?
-41
What is -33 (base 10) in base 4?
-201
Convert 101101 (base 2) to base 8.
55
-1 (base 5) to base 9
-1
What is -22110 (base 3) in base 8?
-344
-16 (base 10) to base 16
-10
Convert -1 (base 13) to base 14.
-1
Convert -1 (base 3) to base 16.
-1
Convert 3 (base 16) to base 13.
3
Convert -12 (base 8) to base 7.
-13
What is 4a (base 14) in base 5?
231
9 (base 10) to base 7
12
What is -142 (base 11) in base 6?
-435
50 (base 8) to base 7
55
Convert -2 (base 9) to base 14.
-2
12 (base 3) to base 5
10
-3 (base 9) to base 13
-3
Convert -4 (base 11) to base 10.
-4
-111022 (base 3) to base 12
-25b
Convert -2c (base 16) to base 14.
-32
-1 (base 14) to base 13
-1
What is 3 (base 11) in base 12?
3
-10 (base 4) to base 15
-4
2d (base 16) to base 4
231
What is -3 (base 6) in base 12?
-3
5 (base 16) to base 10
5
Convert 1 (base 14) to base 13.
1
-20 (base 4) to base 11
-8
What is 38 (base 10) in base 3?
1102
20 (base 3) to base 9
6
Convert -60 (base 7) to base 4.
-222
2 (base 14) to base 8
2
What is 145 (base 7) in base 15?
57
What is -23 (base 7) in base 10?
-17
What is -a (base 11) in base 3?
-101
-22 (base 3) to base 8
-10
233 (base 7) to base 14
8a
-7 (base 10) to base 11
-7
1 (base 15) to base 8
1
What is b6 (base 12) in base 5?
1023
Convert -1e (base 15) to base 10.
-29
What is 8 (base 16) in base 15?
8
Convert 3 (base 14) to base 5.
3
Convert -3 (base 13) to base 8.
-3
-ac (base 16) to base 12
-124
3 (base 12) to base 7
3
What is 5 (base 13) in base 15?
5
Convert 44 (base 11) to base 14.
36
-11 (base 6) to base 10
-7
-1 (base 12) to base 16
-1
Convert b (base 15) to base 8.
13
Convert 3 (base 7) to base 5.
3
What is 5 (base 14) in base 11?
5
Convert -124 (base 5) to base 10.
-39
What is -39 (base 12) in base 9?
-50
Convert -2 (base 6) to base 15.
-2
What is -272 (base 9) in base 12?
-16b
What is 1 (base 5) in base 12?
1
2 (base 11) to base 9
2
Convert -104 (base 9) to base 2.
-1010101
Convert -1 (base 4) to base 15.
-1
What is -2 (base 9) in base 7?
-2
Convert b (base 14) to base 5.
21
3 (base 15) to base 3
10
What is 23 (base 10) in base 11?
21
38 (base 15) to base 6
125
Convert 102 (base 3) to base 5.
21
Convert 13 (base 8) to base 15.
b
-1 (base 12) to base 10
-1
Convert -202 (base 3) to base 7.
-26
54 (base 14) to base 6
202
127 (base 11) to base 7
303
174 (base 8) to base 5
444
What is 0 (base 6) in base 10?
0
What is -195 (base 14) in base 3?
-110010
What is -53 (base 12) in base 8?
-77
What is 4 (base 15) in base 4?
10
-322 (base 4) to base 7
-112
Convert 54 (base 14) to base 2.
1001010
What is -11 (base 4) in base 15?
-5
-4 (base 12) to base 8
-4
Convert 12 (base 5) to base 7.
10
-6 (base 12) to base 11
-6
Convert -8 (base 12) to base 6.
-12
What is 13 (base 15) in base 16?
12
Convert -8 (base 10) to base 8.
-10
What is 7a (base 12) in base 7?
163
-3 (base 7) to base 11
-3
Convert -3 (base 10) to base 5.
-3
What is 84 (base 10) in base 15?
59
What is -3 (base 12) in base 6?
-3
300 (base 5) to base 2
1001011
What is 0 (base 10) in base 11?
0
0 (base 11) to base 15
0
Convert -101 (base 2) to base 7.
-5
Convert -37 (base 8) to base 5.
-111
-43 (base 12) to base 15
-36
What is -35 (base 12) in base 4?
-221
Convert -4 (base 11) to base 14.
-4
What is 8 (base 12) in base 14?
8
-4 (base 12) to base 2
-100
Convert -31 (base 11) to base 5.
-114
What is -7 (base 13) in base 6?
-11
What is 106 (base 8) in base 4?
1012
What is 163 (base 9) in base 4?
2022
Convert 3 (base 15) to base 13.
3
What is 3 (base 12) in base 16?
3
Convert 3 (base 5) to base 8.
3
Convert 13 (base 6) to base 2.
1001
Convert 341 (base 6) to base 11.
111
-110 (base 5) to base 3
-1010
What is -11 (base 3) in base 14?
-4
What is -20 (base 13) in base 3?
-222
Convert 10 (base 13) to base 10.
13
-15 (base 12) to base 9
-18
4c (base 13) to base 14
48
Convert -35 (base 9) to base 5.
-112
What is 103 (base 4) in base 2?
10011
What is -59 (base 16) in base 5?
-324
What is 100 (base 3) in base 8?
11
What is -6 (base 12) in base 6?
-10
Convert 4 (base 10) to base 9.
4
What is 153 (base 14) in base 10?
269
What is 2 (base 7) in base 10?
2
-12 (base 6) to base 5
-13
Convert 3 (base 16) to base 12.
3
-15 (base 13) to base 5
-33
-14 (base 10) to base 6
-22
What is -18 (base 9) in base 3?
-122
-10 (base 2) to base 11
-2
134 (base 9) to base 2
1110000
Convert 26 (base 11) to base 14.
20
Convert 100 (base 4) to base 2.
10000
What is -304 (base 9) in base 3?
-100011
-25 (base 6) to base 16
-11
-a9 (base 15) to base 12
-113
7a (base 15) to base 9
137
Convert -44 (base 15) to base 2.
-1000000
-3 (base 7) to base 15
-3
-5 (base 13) to base 5
-10
5 (base 7) to base 5
10
What is -322 (base 4) in base 16?
-3a
0 (base 4) to base 3
0
Convert 12 (base 4) to base 2.
110
Convert 132 (base 5) to base 8.
52
Convert -3 (base 6) to base 10.
-3
-41 (base 8) to base 10
-33
What is -104 (base 9) in base 4?
-1111
60 (base 10) to base 14
44
What is -3 (base 9) in base 13?
-3
What is 42 (base 16) in base 13?
51
Convert -33 (base 15) to base 16.
-30
-b4 (base 14) to base 3
-12212
Convert 4e (base 15) to base 12.
62
111 (base 2) to base 3
21
Convert -22 (base 12) to base 3.
-222
Convert b2 (base 12) to base 8.
206
What is 14 (base 5) in base 7?
12
What is 22 (base 4) in base 5?
20
1a (base 16) to base 3
222
-55 (base 12) to base 15
-45
Convert -1203 (base 4) to base 2.
-1100011
What is 15 (base 15) in base 12?
18
Convert -2 (base 15) to base 13.
-2
2201 (base 3) to base 7
133
What is 21 (base 3) in base 12?
7
What is 3 (base 5) in base 14?
3
-5 (base 13) to base 7
-5
Convert 4 (base 8) to base 12.
4
What is 0 (base 15) in base 2?
0
30 (base 7) to base 16
15
-35 (base 12) to base 14
-2d
Convert 4 (base 10) to base 8.
4
Convert -181 (base 9) to base 6.
-414
Convert -3 (base 7) to base 10.
-3
What is -42 (base 5) in base 14?
-18
Convert 34 (base 11) to base 2.
100101
50 (base 13) to base 15
45
What is 20 (base 3) in base 12?
6
Convert 1 (base 8) to base 2.
1
Convert 3 (base 7) to base 6.
3
99 (base 13) to base 7
240
-3322 (base 4) to base 12
-18a
What is 110 (base 6) in base 13?
33
0 (base 13) to base 9
0
-12 (base 12) to base 9
-15
Convert -1000011 (base 2) to base 11.
-61
-41 (base 16) to base 4
-1001
What is 0 (base 13) in base 9?
0
-4 (base 5) to base 10
-4
0 (base 4) to b